*2 + v. Let h be s(-1). Let z(k) = -k**2 - 6*k + 3. What is z(h)?
8
Let n be ((-2)/3)/(10/45). Let y be (-11)/n + 4/12. Let c(o) = -o**3 + 4*o**2 + o. Calculate c(y).
4
Suppose 4*n - 2*s - 2*s + 16 = 0, 16 = -4*n - 2*s. Let z = -1 - -3. Let f(b) = -b**z + 3 - b - b**2 + b**2 - 4*b. Calculate f(n).
7
Let n(c) = 7*c**3 - 2*c**2 + c. Let l be n(1). Let u(b) = -b**3 + 7*b**2 - b + 9. Let k be u(7). Let m(h) = -4 + 5*h + h - h**2 + h**k - h**2. Give m(l).
-4
Let m(b) = 2*b - 7. Let h be m(2). Let k(v) = v + 1. Let o(x) = 2*x + 1. Let n(w) = -7*k(w) + 4*o(w). Give n(h).
-6
Let c(k) = -4*k**3 - 2*k**2 + 1. Suppose 3*d + r - 12 = 0, 0 = -5*d + 4*r + 7 + 13. Suppose -d*j + 3*j + 1 = -3*q, 0 = 5*q - 2*j + 1. What is c(q)?
3
Let a(d) = 1 + d + 3 - d**2 - 4*d. Let w(m) = m**2 + 26*m + 44. Let u be w(-24). Calculate a(u).
0
Let g(t) = -t**3 - 5*t**2 - t - 1. Suppose m - 4*m + 12 = 0. Suppose 0 = 3*u - 38 - 31. Suppose -4*c - p = -m*p + u, c = -p - 4. What is g(c)?
4
Let a be (-10)/(-25) + 51/(-15). Let v(t) = t**2 + t + 2. What is v(a)?
8
Let n be (-2)/(-8) + 33*(-5)/20. Let p(c) = c**3 + 9*c**2 + 8*c - 9. What is p(n)?
-9
Let c(h) be the second derivative of 3*h**5/20 + h**4/6 + h**2 - 25*h. Determine c(-2).
-14
Suppose 3*l + 30 = 5*l + 5*y, -4*l + 4*y + 4 = 0. Let m(b) = b**2 - 5*b + 3. Calculate m(l).
3
Let f(s) = -3*s + s + s - 4. Let y(l) = l**3 + 10*l**2 - l - 14. Let a(u) = -u - 2. Let t be a(8). Let w be y(t). What is f(w)?
0
Let o(d) = -2*d + 99 - 90 + d. Let l(r) = -r + 7. Let n be l(7). Calculate o(n).
9
Let v(d) = 2*d - 2. Let g be v(3). Suppose 0 = 4*t - 4*x - 20, -2*x = -3*t + g + 8. Let y(j) = 3*j**2 - t - 2 - 4*j**2 - 6*j. Calculate y(-4).
4
Let a(x) = -x**3 + 0 - 5*x**2 + 1 + 7 - 3*x - 3. What is a(-4)?
1
Let r(g) = -g**3 - 4*g**2 + 2*g - 5. Suppose -s = -0*j - 3*j, 0 = -3*j - 4*s. Let v be ((-1 - j)*-1)/1. Let u = v + -6. Give r(u).
10
Let k = -2/111 - -119/444. Let a(z) be the second derivative of -k*z**4 + 2*z - 1/2*z**3 + 0 - z**2. What is a(-2)?
-8
Suppose 0 = -2*w - 0 - 6. Let l(b) = -3*b**2 + 3*b - b + 0 + 4*b**2 + 4. Calculate l(w).
7
Let l(a) = a**3 - 2*a**2 - a. Let q be ((-25)/(-5))/(-25) + (-9)/5. Calculate l(q).
-14
Let o(c) = c - 3. Suppose -4*u = -5*j - 32, -5*u + 3*j + 20 + 7 = 0. Let n be 3 + -5 - (1 - u). Determine o(n).
-3
Let g be (4/2 + -3)/(-1). Let k(c) = 3*c - 3*c + 6*c**2 - 18. Let w(m) = 1. Let b(h) = g*k(h) + 18*w(h). Calculate b(-1).
6
Let g = 28 - 22. Let k(y) = -y**3 + 5*y**2 + 8*y - 4. Give k(g).
8
Let g(h) be the first derivative of 5*h**2/2 - h - 3. Suppose -10 = p - 3*a + 4, 3*a - 20 = -5*p. Determine g(p).
4
Let r(s) be the first derivative of -2*s**2 + 1/2*s**3 - 3 + 0*s - 1/12*s**4. Let g(v) be the second derivative of r(v). Give g(5).
-7
Let y(x) = -8 + 12 - 2*x - 1 - 2*x**2. Let u = 8 - 14. Let z = u - -3. Calculate y(z).
-9
Let t(b) = b**3 - b**2 - 4*b + 3. Let j(g) = 3*g**2 - g + 2*g + 3*g - g**3 + 0 + 2. Let c be j(4). Give t(c).
-1
Let x(k) = -13*k**3 + k**2 - 13*k + 6. Let c(j) = 7*j**3 - j**2 + 7*j - 3. Let m(t) = -11*c(t) - 6*x(t). Give m(-5).
-8
Let k(i) = -17*i**3 - i**2 - i - 1. Suppose -3*n - n - 4 = 0. Calculate k(n).
16
Let s(v) be the third derivative of v**4/24 + v**3/6 + v**2. Let n(z) = -2*z + 2 - z**2 + z - 2*z. Let t be n(-3). Give s(t).
3
Let i(l) = -l - 30*l**2 + 35*l**2 - l - 3 + 3*l**3 - 4*l**3. Calculate i(3).
9
Let y = 48 + -27. Suppose 0 = 5*r - y + 1. Let z(k) be the first derivative of -k**4/4 + 5*k**3/3 - 5*k**2/2 - k - 2. What is z(r)?
-5
Suppose 0 = w - 7. Let d(m) = m**3 - 8*m**2 + 7*m - 1. What is d(w)?
-1
Let v be 3/(-9) - (-1)/3. Suppose v*f - 9 = -f. Let r(p) = p**2 - 10*p + 10. Let m be r(f). Let j(i) = -4*i. What is j(m)?
-4
Let l(g) = -2*g - 1. Suppose -6 - 6 = 4*y. Let m be l(y). Let z(q) = q**2 - 6*q. Determine z(m).
-5
Let c(l) = l + 2. Let y(w) = -2*w - 5. Let k(p) = -5*c(p) - 2*y(p). What is k(-1)?
1
Let r(a) = -10 - 3*a + 8 + 3 + 2*a. Calculate r(7).
-6
Let l(o) = -2 + o + 9 - 3. Give l(3).
7
Let q(c) = -3*c**2 - c + 2. Let m be (-160)/70 + (-4)/(-14). What is q(m)?
-8
Let b(t) = -19*t - 1. Suppose -1 = -c + 4*f + 8, -2*c - 2*f - 2 = 0. Calculate b(c).
-20
Suppose -61 = 5*f - 21. Let g = f - -14. Let x(h) = g + 5*h - 5*h - 4*h + h. What is x(4)?
-6
Let w(u) be the third derivative of 0 - 2*u**2 + 0*u + 1/2*u**3 - 1/24*u**4. Determine w(3).
0
Let l(g) = 4 + 8 + 4*g - 9 + g**3 + 6*g**2. Give l(-4).
19
Let g be 1 - (0 - -1) - 1. Let t(n) = 8*n + 1. Calculate t(g).
-7
Let p(g) = -g. Let o be p(0). Suppose 3*k = 2*d + 3*d - 10, o = 3*k - 4*d + 11. Let y(t) = t + 7. Determine y(k).
2
Let u = -43 - -35. Let g(o) = -o**2 - 9*o + 1. Calculate g(u).
9
Let o(q) = -4*q - 1. Suppose -m - 6 = 4*t - 21, -3*t + 13 = -m. Determine o(m).
3
Let w(g) = -8*g - 1. Let r(j) = j**2 - 8*j + 1. Let k be r(8). What is w(k)?
-9
Let o(w) = -w**3 + w**2 + w + 1. Let c be 5/(-7) + (-6)/21. Determine o(c).
2
Let s(o) = 2*o**2 - 5*o - 3. Suppose -2*q = -6 - 0. Let p be (-9)/q + 5 + 2. Suppose -2*x - 6 = 0, -p*j - 2*x + x + 13 = 0. What is s(j)?
9
Let h = -8 - -7. Let u(g) = 6*g**2 - g - 1. Calculate u(h).
6
Let f(o) = 9*o**3 - 11*o**2 - o - 3. Let u(z) = -5*z**3 + 6*z**2 + 2. Let n(b) = 4*f(b) + 7*u(b). Let l be 3 - 0*3/9. Calculate n(l).
-1
Let j = 5 - 0. Let r(a) = -a**2 + 5*a. Give r(j).
0
Let n(k) = -k + 10. Let v = -25 + 35. Let i be n(v). Let g(w) = -w**2 + w + 1. Calculate g(i).
1
Let t(z) = -z**2 + 3*z. Let k = -17 - -14. Suppose -q + 2*q = 1. Let w = q - k. What is t(w)?
-4
Let d(g) be the first derivative of -2*g**3/3 + g**2/2 + 2*g - 3. Let y(v) be the first derivative of d(v). Let f be (1/2)/((-1)/(-2)). Calculate y(f).
-3
Let w(l) = 0*l + 7*l**3 - 14*l**3 - l - l**2 - 1. Calculate w(-1).
6
Let u(s) = -14*s**2 - s - 1. Suppose 0 = c - t, -3*t = 4*c - t. Suppose 0 = 2*o + q + 2, q = -c*o + o + 1. Calculate u(o).
-14
Let p(c) = -c**2 + 4*c + 1. Let g be p(5). Let l(r) = r**3 + 4*r**2 - 2*r + 3. Determine l(g).
11
Let t(j) = 2*j**2 - 134*j + 65*j + 67*j. Determine t(-2).
12
Let j(z) = 2*z - 11*z**2 - 19*z**2 + 26*z**2 - 1. Calculate j(1).
-3
Let d(o) = -o**3 - 3*o**2 + o + 2. Let v(n) = -2*n. Let y be v(5). Let q be 2 - y/6*-3. Let t = q - -1. Give d(t).
-4
Let q(n) be the third derivative of -n**6/360 + n**5/30 - n**4/3 - 8*n**2. Let b(h) be the second derivative of q(h). Give b(4).
-4
Let b(u) be the third derivative of -u**4/24 + 50*u**2. Let s = 4 + 0. Determine b(s).
-4
Let l(g) be the third derivative of -g**5/60 - 7*g**4/24 - g**3/6 + 15*g**2 - 1. What is l(-7)?
-1
Let r(a) = a**2 - 3*a - 2. Let l be r(4). Let k(y) be the first derivative of -y**4/2 + y**3/3 - y**2/2 + 2*y - 24. What is k(l)?
-12
Suppose 2*a + 8 = 2. Let w(y) = y - 1. What is w(a)?
-4
Suppose -i + 9 = 4*u, -2*u + i = -5*u + 7. Let r(k) = -k**2 - k + u + 3*k + 0*k**2 - 1. Determine r(4).
-7
Let y(u) = -u**3 - 5*u**2 - 8*u + 6. Let n(j) = -j**2 - 1. Let v(g) = 4*n(g) + y(g). Let h be v(-8). Let t(q) = 4*q**2 - 2*q - 1. Give t(h).
11
Let n(y) = -3 + 1 + 919*y**2 + 3*y - 920*y**2. Give n(2).
0
Let z = 0 + 2. Let r(l) = -3*l + z*l + 3*l + 3. Suppose -16 = -4*f - 4. Give r(f).
9
Suppose -q + 3 = -2*z - 0, 2*q = -6. Let v(u) = 4*u**2 + 4*u + 3. Determine v(z).
27
Let p(g) be the second derivative of -g**7/1260 - g**5/120 - g**4/12 - 2*g. Let i(h) be the third derivative of p(h). What is i(1)?
-3
Suppose 4*o = -10 - 10. Let a(y) = y**2 + 6*y + 4. What is a(o)?
-1
Let h = -157 - -160. Let x(s) = -s**3 + 2*s**2 + 5*s - 3. What is x(h)?
3
Let y(x) = 4*x**2 + x**3 + 2 - 3*x + 0*x**2 + 3. Determine y(-5).
-5
Let y(r) = -r + 4. Let l = 4 - 0. Let c be y(l). Let u(m) = m**3 + m**2 - m + 6. Determine u(c).
6
Let y(m) = -45*m + 5. Let d(z) = -9*z + 1. Let u(i) = 11*d(i) - 2*y(i). What is u(1)?
-8
Let x(j) = j**3 - 2*j**2 + 2*j - 4. Let k(o) = -o + 14. Let q be k(10). Suppose 2*t - 2*i = -i + 5, -5*t - q*i = -19. Give x(t).
11
Suppose -7*m = -2*m - 30. Suppose 0 = -q - q + 3*l + 20, -5*q + 5*l = -40. Let d = m - q. Let h(b) = -b**3 + b**2 + b + 1. What is h(d)?
-1
Let k(z) = -z + 2. Let s be k(-7). Let y(f) = -3*f + 10*f - s*f. Determine y(-1).
2
Let z be 1 + (-4)/(-2 - -1). Let x(w) = w + 1. Give x(z).
6
Let c(r) = -3*r**3 - r - 1. Suppose -2*v = -3*v + 4. Let y be 0 + 2 - (v + -5). Suppose -l = y*f - 4*l + 15, 5*f + 2